the prime factors of 2770?
2, 5, 277
List the prime factors of 33243.
3, 7, 1583
List the prime factors of 1485.
3, 5, 11
What are the prime factors of 1208?
2, 151
List the prime factors of 180.
2, 3, 5
What are the prime factors of 41083?
7, 5869
List the prime factors of 751.
751
What are the prime factors of 623?
7, 89
List the prime factors of 26416.
2, 13, 127
List the prime factors of 10014.
2, 3, 1669
What are the prime factors of 3989?
3989
List the prime factors of 99125.
5, 13, 61
List the prime factors of 4266.
2, 3, 79
What are the prime factors of 137?
137
What are the prime factors of 22?
2, 11
What are the prime factors of 13677?
3, 47, 97
List the prime factors of 15136.
2, 11, 43
What are the prime factors of 18089?
18089
List the prime factors of 2106.
2, 3, 13
What are the prime factors of 3238?
2, 1619
What are the prime factors of 1351?
7, 193
What are the prime factors of 4227?
3, 1409
List the prime factors of 4106.
2, 2053
List the prime factors of 162374.
2, 19, 4273
What are the prime factors of 34256?
2, 2141
What are the prime factors of 5092?
2, 19, 67
What are the prime factors of 699?
3, 233
What are the prime factors of 9345?
3, 5, 7, 89
List the prime factors of 2652.
2, 3, 13, 17
List the prime factors of 890.
2, 5, 89
What are the prime factors of 1689?
3, 563
What are the prime factors of 1732?
2, 433
List the prime factors of 6686.
2, 3343
List the prime factors of 80875.
5, 647
List the prime factors of 601.
601
List the prime factors of 5647.
5647
What are the prime factors of 7407?
3, 823
List the prime factors of 1870.
2, 5, 11, 17
What are the prime factors of 1206?
2, 3, 67
What are the prime factors of 24563?
7, 11, 29
List the prime factors of 4182.
2, 3, 17, 41
List the prime factors of 9126.
2, 3, 13
List the prime factors of 311.
311
What are the prime factors of 22265?
5, 61, 73
List the prime factors of 5079.
3, 1693
What are the prime factors of 2325?
3, 5, 31
What are the prime factors of 33276?
2, 3, 47, 59
List the prime factors of 18112.
2, 283
List the prime factors of 6523.
11, 593
What are the prime factors of 914?
2, 457
What are the prime factors of 2594?
2, 1297
List the prime factors of 6133.
6133
List the prime factors of 925.
5, 37
List the prime factors of 68171.
68171
What are the prime factors of 128328?
2, 3, 5347
List the prime factors of 2235.
3, 5, 149
List the prime factors of 81108.
2, 3, 751
What are the prime factors of 10403?
101, 103
List the prime factors of 1179.
3, 131
List the prime factors of 34842.
2, 3, 5807
What are the prime factors of 1567?
1567
List the prime factors of 7330.
2, 5, 733
List the prime factors of 3723.
3, 17, 73
List the prime factors of 29039.
71, 409
What are the prime factors of 2394?
2, 3, 7, 19
List the prime factors of 864.
2, 3
List the prime factors of 2484.
2, 3, 23
What are the prime factors of 26380?
2, 5, 1319
What are the prime factors of 3523?
13, 271
What are the prime factors of 163051?
7, 23293
What are the prime factors of 160520?
2, 5, 4013
What are the prime factors of 17301?
3, 73, 79
What are the prime factors of 131573?
13, 29, 349
What are the prime factors of 178?
2, 89
List the prime factors of 1325.
5, 53
List the prime factors of 1199.
11, 109
What are the prime factors of 25238?
2, 12619
What are the prime factors of 59533?
37, 1609
What are the prime factors of 382?
2, 191
List the prime factors of 702.
2, 3, 13
What are the prime factors of 155629?
19, 8191
List the prime factors of 2461.
23, 107
List the prime factors of 35263.
179, 197
List the prime factors of 120484.
2, 7, 13, 331
List the prime factors of 79718.
2, 23, 1733
List the prime factors of 1301.
1301
List the prime factors of 79.
79
What are the prime factors of 1243?
11, 113
What are the prime factors of 2235?
3, 5, 149
List the prime factors of 7033.
13, 541
What are the prime factors of 1191?
3, 397
What are the prime factors of 1102?
2, 19, 29
List the prime factors of 773.
773
List the prime factors of 15607.
15607
What are the prime factors of 1766?
2, 883
What are the prime factors of 8600?
2, 5, 43
List the prime factors of 24017.
7, 47, 73
List the prime factors of 50399.
101, 499
What are the prime factors of 36081?
3, 19, 211
What are the prime factors of 724?
2, 181
List the prime factors of 828.
2, 3, 23
List the prime factors of 38545.
5, 13, 593
List the prime factors of 1837.
11, 167
What are the prime factors of 5115?
3, 5, 11, 31
List the prime factors of 15527.
15527
List the prime factors of 36655.
5, 7331
What are the prime factors of 1033?
1033
What are the prime factors of 1612?
2, 13, 31
List the prime factors of 67915.
5, 17, 47
What are the prime factors of 35338?
2, 17669
List the prime factors of 1144.
2, 11, 13
What are the prime factors of 1984?
2, 31
List the prime factors of 252.
2, 3, 7
List the prime factors of 566.
2, 283
List the prime factors of 67.
67
What are the prime factors of 2094?
2, 3, 349
What are the prime factors of 77129?
13, 17, 349
List the prime factors of 14561.
14561
What are the prime factors of 13437?
3, 1493
List the prime factors of 9141.
3, 11, 277
List the prime factors of 230.
2, 5, 23
List the prime factors of 11747.
17, 691
What are the prime factors of 21302?
2, 10651
What are the prime factors of 24750?
2, 3, 5, 11
List the prime factors of 37305.
3, 5, 829
What are the prime factors of 1123?
1123
What are the prime factors of 1429?
1429
What are the prime factors of 2917?
2917
What are the prime factors of 1227?
3, 409
What are the prime factors of 1251?
3, 139
List the prime factors of 3961.
17, 233
What are the prime factors of 2506?
2, 7, 179
What are the prime factors of 1451?
1451
List the prime factors of 35668.
2, 37, 241
List the prime factors of 15915.
3, 5, 1061
List the prime factors of 18013.
18013
List the prime factors of 1461.
3, 487
List the prime factors of 162.
2, 3
List the prime factors of 28772.
2, 7193
List the prime factors of 132.
2, 3, 11
List the prime factors of 2714.
2, 23, 59
List the prime factors of 239.
239
List the prime factors of 23161.
19, 23, 53
What are the prime factors of 664?
2, 83
List the prime factors of 80323.
47, 1709
List the prime factors of 4387.
41, 107
What are the prime factors of 43209?
3, 4801
List the prime factors of 30423.
3, 10141
List the prime factors of 100408.
2, 7, 11, 163
What are the prime factors of 7956?
2, 3, 13, 17
List the prime factors of 2271.
3, 757
What are the prime factors of 1693?
1693
What are the prime factors of 1456?
2, 7, 13
List the prime factors of 1051.
1051
List the prime factors of 8632.
2, 13, 83
List the prime factors of 3180.
2, 3, 5, 53
What are the prime factors of 1605?
3, 5, 107
What are the prime factors of 4527?
3, 503
What are the prime factors of 2223?
3, 13, 19
List the prime factors of 111.
3, 37
What are the prime factors of 2496?
2, 3, 13
What are the prime factors of 64056?
2, 3, 17, 157
What are the prime factors of 269?
269
What are the prime factors of 2473?
2473
What are the prime factors of 809?
809
What are the prime factors of 33724?
2, 8431
List the prime factors of 5119.
5119
What are the prime factors of 43528?
2, 5441
What are the prime factors of 870?
2, 3, 5, 29
List the prime factors of 43999.
23, 1913
List the prime factors of 5186.
2, 2593
What are the prime factors of 1506?
2, 3, 251
List the prime factors of 5859.
3, 7, 31
What are the prime factors of 1189?
29, 41
List the prime factors of 22182.
2, 3, 3697
List the prime factors of 11254.
2, 17, 331
List the prime factors of 2595.
3, 5, 173
List the prime factors of 188.
2, 47
List the prime factors of 8455.
5, 19, 89
What are the prime factors of 8740?
2, 5, 19, 23
List the prime factors of 2186.
2, 1093
What are the prime factors of 42678?
2, 3, 2371
List the prime factors of 1109.
1109
What are the prime factors of 1717?
17, 101
List the prime factors of 2210.
2, 5, 13, 17
List the prime factors of 6038.
2, 3019
What are the prime factors of 3063?
3, 1021
What are the prime factors of 2222?
2, 11, 101
What are the prime factors of 46481?
53, 877
List the prime factors of 94017.
3, 7, 11, 37
List the prime factors of 66467.
66467
What are the prime factors of 853?
853
List the prime factors of 3335.
5, 2